the greatest common factor of 111173 and 1712?
107
What is the highest common factor of 594 and 8646?
66
What is the greatest common factor of 425 and 75820?
85
What is the highest common factor of 44948 and 306?
34
Calculate the greatest common factor of 79980 and 1302.
186
What is the highest common factor of 51 and 408561?
51
What is the greatest common factor of 2796 and 76?
4
What is the greatest common factor of 4589 and 29299?
353
What is the highest common divisor of 1044 and 5113338?
174
Calculate the greatest common divisor of 37810 and 490.
10
What is the highest common factor of 64 and 45512?
8
Calculate the highest common divisor of 208 and 9815.
13
Calculate the greatest common factor of 74 and 2575718.
74
What is the greatest common divisor of 142275 and 30?
15
Calculate the greatest common divisor of 40 and 4545.
5
What is the highest common divisor of 2194974 and 788?
394
What is the greatest common factor of 9 and 42417?
9
What is the greatest common factor of 7200 and 380700?
900
What is the greatest common divisor of 647946 and 1872?
234
What is the greatest common factor of 12 and 9024?
12
What is the greatest common factor of 220 and 6470?
10
Calculate the highest common divisor of 111175 and 425.
25
What is the greatest common factor of 4237 and 22021?
19
What is the highest common factor of 119 and 1360?
17
What is the highest common factor of 638 and 41778?
22
Calculate the highest common divisor of 107 and 3164525.
107
Calculate the greatest common factor of 136 and 13396.
68
Calculate the highest common divisor of 240 and 1744.
16
What is the greatest common factor of 970930 and 25670?
1510
What is the highest common divisor of 477 and 185067?
9
What is the highest common factor of 7602 and 714?
42
What is the greatest common factor of 3528 and 56007?
441
What is the greatest common factor of 189 and 76482?
63
What is the highest common factor of 238 and 2042278?
238
Calculate the highest common factor of 10 and 6830.
10
What is the greatest common divisor of 5443712 and 128?
128
What is the greatest common factor of 3024 and 9504?
432
What is the greatest common factor of 299 and 11713?
13
What is the greatest common divisor of 710559 and 54?
27
Calculate the highest common factor of 92 and 337824.
92
What is the greatest common factor of 33064 and 112?
8
Calculate the highest common divisor of 200090 and 2750.
110
Calculate the greatest common factor of 642 and 10027398.
642
Calculate the greatest common factor of 87412 and 574.
82
What is the highest common factor of 220 and 12353?
11
What is the highest common factor of 19706 and 27889?
167
What is the highest common divisor of 39 and 13871?
13
What is the highest common divisor of 159 and 1431371?
53
What is the greatest common divisor of 41548 and 20332?
884
What is the highest common divisor of 925102 and 1116?
62
What is the highest common divisor of 55990 and 110?
110
Calculate the highest common factor of 1265 and 6969.
23
Calculate the highest common divisor of 28574 and 6734.
182
What is the greatest common divisor of 703 and 53143?
19
What is the highest common divisor of 265968 and 144?
144
Calculate the highest common divisor of 150400 and 256.
128
What is the greatest common divisor of 297180 and 508?
508
What is the highest common divisor of 8587 and 341?
31
What is the greatest common divisor of 432 and 172944?
144
What is the greatest common divisor of 4190 and 30?
10
Calculate the highest common divisor of 41769 and 468.
117
What is the highest common divisor of 424 and 10335?
53
Calculate the highest common factor of 708 and 351640.
236
Calculate the highest common divisor of 84877 and 312.
13
What is the highest common divisor of 5074 and 19234?
118
What is the highest common factor of 1691 and 247?
19
Calculate the highest common factor of 208 and 1422200.
104
Calculate the highest common factor of 14 and 201068.
14
Calculate the greatest common divisor of 3480 and 9435.
15
What is the greatest common factor of 2145 and 390?
195
Calculate the greatest common factor of 60 and 19704.
12
Calculate the highest common divisor of 3810 and 1500.
30
Calculate the greatest common factor of 4209 and 1035.
69
Calculate the highest common factor of 121701 and 718.
359
What is the highest common factor of 41511 and 2525?
101
Calculate the highest common divisor of 39520 and 475.
95
What is the greatest common factor of 39747 and 3?
3
What is the highest common divisor of 22092 and 119?
7
What is the highest common factor of 153 and 19818?
9
Calculate the greatest common divisor of 111295 and 125.
5
Calculate the greatest common factor of 12975 and 25125.
75
What is the greatest common factor of 3960 and 6750?
90
Calculate the greatest common factor of 13113 and 23436.
279
Calculate the highest common factor of 244 and 2274446.
122
What is the highest common factor of 342765 and 35?
5
What is the greatest common divisor of 146144 and 96?
32
Calculate the greatest common factor of 10070 and 45.
5
Calculate the greatest common factor of 314 and 55107.
157
What is the greatest common divisor of 3590 and 3901612?
718
What is the greatest common divisor of 188838 and 39?
39
Calculate the highest common factor of 1152 and 440928.
288
What is the highest common factor of 528 and 398256?
48
What is the highest common divisor of 119 and 156553?
17
What is the greatest common factor of 2051756 and 7?
7
Calculate the highest common divisor of 1320 and 816200.
440
Calculate the highest common factor of 17 and 108494.
17
What is the greatest common factor of 5670 and 396?
18
Calculate the greatest common divisor of 572 and 200057.
143
What is the highest common factor of 697 and 73117?
17
What is the highest common factor of 226824 and 169?
13
Calculate the highest common factor of 504 and 210336.
168
What is the greatest common factor of 187570 and 290?
10
What is the greatest common factor of 5553 and 254821?
617
Calculate the highest common factor of 20 and 22656.
4
What is the highest common factor of 3077556 and 372?
372
What is the greatest common divisor of 24 and 3705144?
24
Calculate the highest common factor of 392 and 366800.
56
What is the greatest common divisor of 2484870 and 1695?
1695
Calculate the highest common divisor of 119 and 139349.
119
What is the highest common divisor of 29111 and 43?
43
What is the highest common divisor of 16370 and 110?
10
What is the greatest common divisor of 32 and 1773272?
8
Calculate the greatest common divisor of 36841 and 532.
133
What is the greatest common divisor of 460 and 17060?
20
Calculate the highest common divisor of 2691 and 7605.
117
What is the highest common factor of 12 and 13863?
3
What is the greatest common factor of 728 and 10304?
56
Calculate the highest common factor of 97 and 69.
1
Calculate the greatest common factor of 933989 and 7.
7
Calculate the greatest common factor of 208767 and 159.
159
What is the greatest common factor of 96 and 144576?
96
What is the highest common factor of 2670822 and 574?
574
What is the greatest common divisor of 2 and 18238?
2
Calculate the highest common divisor of 807 and 113249.
269
What is the greatest common divisor of 4862 and 4675?
187
What is the greatest common divisor of 639648 and 64?
32
Calculate the greatest common factor of 8856 and 13038.
246
Calculate the greatest common factor of 557564 and 140.
28
Calculate the greatest common divisor of 261 and 19053.
261
Calculate the highest common divisor of 3760 and 13301.
47
Calculate the highest common divisor of 6828 and 3228.
12
Calculate the greatest common factor of 1166 and 275.
11
Calculate the greatest common divisor of 38323 and 399.
19
Calculate the greatest common factor of 3740 and 80.
20
Calculate the greatest common factor of 43395 and 8085.
165
Calculate the highest common divisor of 288 and 24894.
18
Calculate the highest common factor of 342101 and 1.
1
Calculate the greatest common factor of 81 and 48981.
3
What is the highest common factor of 996 and 5727?
249
Calculate the highest common factor of 277685 and 259.
37
Calculate the greatest common factor of 63 and 4306785.
21
What is the greatest common divisor of 32 and 188608?
32
What is the highest common divisor of 29182 and 2?
2
C